hen 10910237 is divided by 5455113.
11
Calculate the remainder when 1814278 is divided by 395.
43
What is the remainder when 2485927 is divided by 130?
67
Calculate the remainder when 4588984 is divided by 1613.
1612
What is the remainder when 6895572 is divided by 285?
282
Calculate the remainder when 100381 is divided by 1167.
19
Calculate the remainder when 349510 is divided by 1138.
144
What is the remainder when 4670773 is divided by 156?
133
Calculate the remainder when 342938 is divided by 1449.
974
Calculate the remainder when 457198619 is divided by 60.
59
What is the remainder when 1555937 is divided by 7231?
1272
What is the remainder when 43657 is divided by 3949?
218
What is the remainder when 1174081 is divided by 337?
310
Calculate the remainder when 14934481 is divided by 14.
9
What is the remainder when 3585123 is divided by 10?
3
What is the remainder when 23111 is divided by 2444?
1115
Calculate the remainder when 158439265 is divided by 261.
259
Calculate the remainder when 71479318 is divided by 71479317.
1
What is the remainder when 2032625 is divided by 72?
65
Calculate the remainder when 5647506 is divided by 23051.
11
Calculate the remainder when 40505205 is divided by 42.
27
What is the remainder when 421371 is divided by 19121?
709
What is the remainder when 213272 is divided by 140?
52
Calculate the remainder when 144219 is divided by 988.
959
Calculate the remainder when 507089 is divided by 253434.
221
What is the remainder when 2779531 is divided by 138976?
11
Calculate the remainder when 103823244 is divided by 12977905.
4
What is the remainder when 68152273 is divided by 90?
43
Calculate the remainder when 135220 is divided by 830.
760
What is the remainder when 2007430 is divided by 891?
7
What is the remainder when 9510 is divided by 6932?
2578
What is the remainder when 7591973 is divided by 7279?
7255
What is the remainder when 4838626 is divided by 142312?
18
Calculate the remainder when 48122589 is divided by 207.
57
What is the remainder when 2578837 is divided by 2815?
297
What is the remainder when 5376253 is divided by 8?
5
What is the remainder when 136034218 is divided by 20?
18
Calculate the remainder when 7371163 is divided by 692.
671
What is the remainder when 445542 is divided by 24730?
402
What is the remainder when 15025001 is divided by 3756250?
1
Calculate the remainder when 16577 is divided by 3901.
973
Calculate the remainder when 4448990 is divided by 404449.
51
Calculate the remainder when 3605 is divided by 3214.
391
What is the remainder when 1663853 is divided by 184872?
5
What is the remainder when 503710 is divided by 192?
94
What is the remainder when 35269 is divided by 33423?
1846
What is the remainder when 232198 is divided by 116059?
80
Calculate the remainder when 5119095 is divided by 25854.
3
Calculate the remainder when 24655 is divided by 3358.
1149
Calculate the remainder when 99502886 is divided by 3553674.
14
What is the remainder when 189206 is divided by 62830?
716
What is the remainder when 1996933 is divided by 105099?
52
What is the remainder when 1194788 is divided by 10?
8
Calculate the remainder when 2914694 is divided by 339.
311
What is the remainder when 6072784 is divided by 670?
574
What is the remainder when 15112865 is divided by 36329?
1
Calculate the remainder when 1034550 is divided by 2201.
80
What is the remainder when 71748 is divided by 6192?
3636
What is the remainder when 521028 is divided by 86434?
2424
Calculate the remainder when 49852389 is divided by 520.
509
Calculate the remainder when 525535 is divided by 65486.
1647
What is the remainder when 623292 is divided by 956?
936
What is the remainder when 661765 is divided by 376?
5
Calculate the remainder when 2362252 is divided by 112488.
4
Calculate the remainder when 6272645 is divided by 3479.
8
Calculate the remainder when 54028 is divided by 17644.
1096
Calculate the remainder when 123472 is divided by 123438.
34
What is the remainder when 25850726 is divided by 4308453?
8
What is the remainder when 1506277 is divided by 2615?
37
Calculate the remainder when 637874 is divided by 1543.
615
Calculate the remainder when 1115600 is divided by 71.
48
Calculate the remainder when 504887 is divided by 3328.
2359
What is the remainder when 10313916 is divided by 1473416?
4
What is the remainder when 34741 is divided by 7860?
3301
Calculate the remainder when 6427432 is divided by 221635.
17
What is the remainder when 392473 is divided by 13080?
73
Calculate the remainder when 157596 is divided by 17460.
456
Calculate the remainder when 2116256 is divided by 3905.
3651
What is the remainder when 14790885 is divided by 547?
5
Calculate the remainder when 25718307 is divided by 30.
27
What is the remainder when 10046944 is divided by 3348974?
22
Calculate the remainder when 5000906 is divided by 621.
614
What is the remainder when 130381 is divided by 832?
589
What is the remainder when 105775 is divided by 2024?
527
What is the remainder when 15621471 is divided by 1115813?
89
Calculate the remainder when 245309 is divided by 903.
596
Calculate the remainder when 2074874 is divided by 530.
454
Calculate the remainder when 698225 is divided by 885.
845
What is the remainder when 71755 is divided by 7164?
115
Calculate the remainder when 98512 is divided by 3078.
16
What is the remainder when 251965083 is divided by 3882?
3873
What is the remainder when 78334 is divided by 475?
434
What is the remainder when 378253 is divided by 125614?
1411
Calculate the remainder when 3242545 is divided by 58.
55
Calculate the remainder when 1860748 is divided by 4687.
9
What is the remainder when 454427 is divided by 50473?
170
Calculate the remainder when 210029 is divided by 208.
157
Calculate the remainder when 136049 is divided by 234.
95
What is the remainder when 4158483 is divided by 2079236?
11
What is the remainder when 135254 is divided by 3650?
204
What is the remainder when 131525 is divided by 9770?
4515
Calculate the remainder when 28682623 is divided by 76.
71
What is the remainder when 10168663 is divided by 10168657?
6
Calculate the remainder when 7343990 is divided by 2074.
2030
Calculate the remainder when 53478 is divided by 370.
198
Calculate the remainder when 41964778 is divided by 33.
31
Calculate the remainder when 807958 is divided by 2010.
1948
Calculate the remainder when 1094416 is divided by 156342.
22
What is the remainder when 2757836 is divided by 90?
56
What is the remainder when 50487 is divided by 3055?
1607
What is the remainder when 20805355 is divided by 71008?
11
What is the remainder when 16538 is divided by 27?
14
Calculate the remainder when 9710783 is divided by 32.
31
What is the remainder when 480213671 is divided by 25?
21
What is the remainder when 6165056 is divided by 602?
576
What is the remainder when 164632 is divided by 1374?
1126
What is the remainder when 22056 is divided by 2255?
1761
What is the remainder when 13747792 is divided by 63?
58
Calculate the remainder when 124051 is divided by 41180.
511
What is the remainder when 487877 is divided by 40631?
305
Calculate the remainder when 68537 is divided by 6704.
1497
What is the remainder when 40183 is divided by 3517?
1496
What is the remainder when 796620 is divided by 307?
262
What is the remainder when 501810 is divided by 177?
15
What is the remainder when 564545 is divided by 598?
33
What is the remainder when 270768 is divided by 4600?
3968
Calculate the remainder when 133032697 is divided by 1217.
1210
Calculate the remainder when 20931 is divided by 4783.
1799
What is the remainder when 1811620 is divided by 603871?
7
Calculate the remainder when 23185217 is divided by 830.
827
Calculate the remainder when 1526515 is divided by 170.
85
What is the remainder when 44693 is divided by 4964?
17
Calculate the remainder when 44716 is divided by 1558.
1092
Calculate the remainder when 122333393 is divided by 122333388.
5
Calculate the remainder when 680398378 is divided by 27.
25
Calculate the remainder when 26979 is divided by 1234.
1065
What is the remainder when 22513728 is divided by 14?
6
Calculate the remainder when 5288229 is divided by 1322052.
21
Calculate the remainder when 4864709 is divi